2065, -8*f - 3*o = -4*f - 17633. Suppose 11*g - 63 = 3. Suppose g*v - f = 8530. Is v prime?
False
Suppose -2*z = 2*z + 2*j - 24, -2*j = 5*z - 30. Suppose z*a = 1091 + 1423. Is a composite?
False
Let d be (37 - 39)/(4/6*1). Is -9 - -79 - (d + (5 - 3)) a prime number?
True
Let x(p) = -3*p + 18. Let z be x(5). Let j be (-8)/12 - (-3032)/z. Suppose -j = -2*y + 3*l, y + 3*l = -0*l + 487. Is y composite?
False
Let a(p) = -58*p - 9. Suppose 3*m + 11 = 5*b - 16, -m - 10 = -2*b. Let z be (m/(-6))/(10/(-150)). Is a(z) prime?
True
Let c be 2/(-30)*-5*(-1 - -214). Let p = 341 + c. Is (-65)/10*p/8*-4 a prime number?
False
Suppose -120141 = 70*h - 73*h. Let u = h + -21384. Is u a prime number?
False
Let m(u) = 2*u**3 + 9*u - 14 - 9*u**3 - 4*u**2 + 3. Let l be (0/(-1) + 3)*(-15)/9. Is m(l) a composite number?
False
Let m(r) = 1823*r - 3101. Is m(8) a prime number?
True
Let n(k) be the second derivative of -47*k**6/720 + 7*k**5/60 - k**4/2 - 10*k. Let g(b) be the third derivative of n(b). Is g(-3) prime?
False
Let z = 70 + -66. Suppose -16 - 8 = -z*m. Suppose -4*t - 5906 = -m*t. Is t composite?
False
Is (-1199936)/(-72) - -7 - (-8)/36 prime?
True
Suppose -84*f + 88*f - 83380 = 0. Suppose 10350 + f = 17*n. Is n prime?
False
Let i(y) = 2 + 228*y**2 - 1 - 12*y + 221*y**2 + 466*y**2 + 45*y**2. Is i(3) prime?
False
Suppose 2*w - 3*d = -1, 7*w - 4*w + d = 26. Suppose w*n + 40 = -3*n. Is (-8595)/(-27) + n/(-6) a prime number?
False
Let f(i) = 285*i**2 - 103*i - 1119. Is f(-31) composite?
True
Let i(c) = 6947*c**2 + 3*c - 3. Suppose 3*w + 6 - 6 = 0. Suppose o - 15 = 3*v - 19, 5*v - o - 6 = w. Is i(v) a composite number?
False
Suppose -83*n + 8*v + 2220915 = -78*n, -n + 444183 = 2*v. Is n a prime number?
False
Suppose -1486548 = -21*v + 1195068. Suppose -2*l = 4*a + 2*l - v, -4*l - 95793 = -3*a. Is a a prime number?
False
Let u(t) = 1619*t - 7. Let n = -562 - -572. Is u(n) prime?
True
Is (-516)/(-215)*20/(-6) + 387315 a composite number?
False
Let o = 43465 + -13158. Is o a composite number?
False
Let g be 0 + 0 - (-1 + -3). Suppose 4*r = -g*j + 140, 2*j = -0*r + 2*r + 50. Suppose n - j = 7. Is n composite?
False
Let z = -14609 + 138274. Is z a composite number?
True
Let l(p) = -p**2 - p - 2. Let c be l(0). Let n be (-18)/(-1)*((-15)/(-2) + c). Suppose -96 - n = -3*j. Is j prime?
False
Let y be 6/(-18) - (1 + 145/15). Let g = y + 330. Is g prime?
False
Let i(g) be the second derivative of -5*g**3/6 + 19*g**2/2 + 9*g. Let l be i(-8). Let t = 112 - l. Is t a composite number?
False
Let f = 8756 - 8637. Is f prime?
False
Suppose 0 = x - 2*x - 44. Suppose 7*b - 8*b = 67. Is b/((-40)/x - 1) composite?
True
Suppose -8080 = -0*d - d - 3*g, -d + 8112 = -5*g. Suppose -2*u + d = -474. Is u a prime number?
True
Let d = -30336 - -58671. Suppose 0 = -5*j + 2*i + d, 2*j - 4*i = -9*i + 11363. Is j a prime number?
True
Suppose 5*r = -12 + 2. Is ((-2)/(-1 - r))/(18/(-10791)) a prime number?
False
Let q(b) = b**3 + b**2 - 2*b + 4. Let s be q(0). Suppose c - 3*k + 6*k = 6, 2*k - s = 0. Is 4410/9 - (c + 3) composite?
False
Let k(j) = -645*j + 2. Let z(b) be the first derivative of -b**3/3 + 5*b**2/2 + 23*b - 18. Let o be z(8). Is k(o) a prime number?
True
Let f be (-1 + (-4)/(-4))*-1. Suppose -3*o + 10 = -5*x - 9, f = -4*o + 2*x + 16. Suppose o*w = j + 1232, -w + 414 = -0*w - j. Is w a prime number?
True
Let s(j) = -15505*j + 114. Is s(-1) prime?
True
Let c be 0/(-9) + (-2 + 2)/1. Suppose 5*l = -2*i + 6738, 2*l + 3387 = i - c*l. Is i prime?
False
Let f(i) = 109*i**3 + 19*i**2 - 96*i + 95. Is f(17) a prime number?
False
Suppose -j + 1704 = 7*x - 4*x, -2*j + 4*x = -3388. Suppose -a + j = a. Let q = -350 + a. Is q a prime number?
True
Let h(z) = z**2 + 3*z - 18. Let y be h(-7). Let v(n) = 3*n + y*n + 31 + 8*n - 4*n. Is v(18) prime?
True
Suppose -3*o - w + 372940 = 4*w, -4*o + 497225 = w. Suppose -8*c + o = 7*c. Is c a composite number?
False
Let u(o) = -27*o**3 - 3*o**2 - 8*o + 10. Let r be u(4). Let j be r - 2 - 0 - (2 - 3). Let k = 3456 + j. Is k a composite number?
False
Suppose -2535*i + 2511*i = -4460856. Is i prime?
True
Let j = -2449 - -8007. Let h = -3112 + 3115. Suppose n - 3*n - 1113 = -q, 5*q - h*n = j. Is q a composite number?
True
Let t(d) = -100*d**2 + 12. Let r be t(-5). Is 4*-9*5/(-60) - r composite?
True
Suppose -x + c + 4 = 8, 4*x - 4 = -c. Suppose x = -14*m + 105702 + 37364. Is m a prime number?
False
Let f(n) = 35*n**2 + 5*n - 13. Suppose 50*g + 24 = 48*g. Let b be ((-27)/g)/(1/(-4)). Is f(b) a prime number?
True
Suppose -3*p = 5*k - 15877, -2*p + 20*k + 10578 = 25*k. Is p a prime number?
False
Let z = -23508 + 46246. Is z a composite number?
True
Let z = -6315 + 6310. Let v(a) be the third derivative of -7*a**6/120 + 13*a**5/60 + a**4/6 - a**3 - a**2. Is v(z) composite?
True
Let s(h) = 21*h**2 - 141*h - 53. Is s(22) composite?
True
Suppose 16167 + 33374 = 3*j - 2*n, -2*n = -5*j + 82567. Suppose j + 378 = 7*o. Is o composite?
True
Let a(u) = 1256*u**2 + 6*u - 3. Let z(i) = -i**2 - 23*i - 101. Let t be z(-17). Is a(t) composite?
False
Let n = -11215 - -6323. Let i = n - -8394. Suppose -3*c + i + 1649 = 0. Is c a prime number?
False
Suppose 85*l - 88*l - 3*p - 3 = 0, 3*p = -15. Suppose 4*m + 3*c - 3547 = 5637, 4*m = l*c + 9156. Is m a composite number?
False
Let h be ((-188)/(-24) - -3) + 2/12. Suppose y + 5430 = h*y. Is y a composite number?
True
Is (857944/(-12))/((-26)/39) prime?
True
Let w(c) = -c**2 + 5*c - 2. Let z be w(4). Let x(t) = -103*t**2 - 23*t + 105*t**z - 20 + 2. Is x(-17) composite?
True
Let o = -726 - -3021. Suppose m + o = 3*f - m, 6 = -2*m. Is f composite?
True
Suppose 3*b + b + 3*y = -4662, 3*y - 3486 = 3*b. Let p = b - -6433. Is p a composite number?
True
Suppose -3*z = -7*k + 5*k - 525379, -3*k = -z + 175117. Is z a composite number?
False
Is (-92)/(-20) + (-2)/(-5) + 54 + 70580 composite?
False
Suppose -9074*b = -9104*b + 8543130. Is b a prime number?
False
Let f be -7*((-1836)/(-21))/(-3). Let w be f*38 - (-38 + 37). Suppose -5*k + w + 6172 = 0. Is k composite?
True
Let c = 49351 - 30569. Is c prime?
False
Let v = 376 - 378. Let d be 0 + 0 - (-2 + 6). Is v - -875 - (0 + d) a composite number?
False
Let z be (-243)/(-6)*(-2)/(-3). Is 2117773/1107 + (-2)/z composite?
False
Suppose -8 = -7*u + 5*u, -5*o + 5*u + 5 = 0. Suppose -o*c - 4*s + 19799 = 0, 52*s + 7919 = 2*c + 53*s. Is c a prime number?
False
Suppose 5*h = -5*k - 36 - 304, 0 = 5*h + 4*k + 344. Let a = h - -86. Suppose -a*r + 11206 = -r. Is r a prime number?
False
Suppose -25160034 = -92*s - 163754 + 6156484. Is s composite?
True
Let p(z) = 2*z - 2. Let w be p(5). Let d(j) = j**2 + 30*j + 90. Let k be d(-27). Suppose -k*r = -w*r - 3. Is r a composite number?
False
Let y(i) = -25*i - 37*i - 226*i - 23 + 36*i. Is y(-2) a composite number?
True
Let f = -129067 - -287726. Is f prime?
False
Let f(z) = 2002*z. Let u be f(9). Suppose 3*y - 18015 = -4*n, -u = -3*y + 6*n - 11*n. Is y a composite number?
True
Suppose 4*a + z - 8 = -4*z, 0 = -4*z + 16. Let d(k) = -56*k**3 + 5*k**2 + 13*k + 23. Is d(a) a composite number?
True
Suppose -3*k = -4*o + 84227, -3*o + 63189 = 8*k - 4*k. Is o prime?
True
Is (4/10)/(3/(-5))*(-12831168)/128 a prime number?
False
Let d be 52/13 - 1*-1. Suppose 0 = -h - 3 + 6, f = -d*h + 9. Is (-8)/f*3 - (-454 + 13) prime?
False
Let q be (-32)/(-56) + 5/((-70)/8). Suppose -2*i - 2*i + 68 = -o, q = 3*i + 6. Let x = o + 169. Is x prime?
False
Let k(l) = -11*l - 24. Let n be k(-8). Let a = n + -37. Is 26115/a + (-6)/27 prime?
True
Suppose -10413078 - 1934969 = -15*i - 22*i. Is i prime?
False
Let w = -300 - -306. Suppose i = -5*z + 2518, -i = 3*z - z - 2518. Suppose -w*r + r = 2*u - i, 0 = -3*r. Is u a prime number?
True
Let v = 58471 + -26702. Is v a prime number?
True
Suppose -66*i + 67*i - 46188 = -j, -3*i + 138574 = j. Is i a composite number?
True
Let x = 1796 - 3204. Let w = 2860 + x. Suppose 3*k + 2*q = 4317, -3*q - 2*q = k - w. Is k a prime number?
False
Suppose 4*y = -4*f + 21472, 0 = 31*f - 36*f - 15. Is y prime?
False
Let r = -41 - -45. Let z be 8 + (1 + r)*-1. Is (-2)/(z*10/(-11175)) a composite number?
True
Let v = 53633 - 36711. Is v prime?
False
Let q(i) = -i**3 + 75*i**2 - 137*i - 145. Is q(56) a composite number?
False
Suppose -4*g - 9*l = -513983, 43517 = -5*g + l 